991649 is divided by 1798306.
119
Calculate the remainder when 4160015 is divided by 832001.
10
What is the remainder when 51408 is divided by 436?
396
Calculate the remainder when 30518039 is divided by 5411.
5410
What is the remainder when 121146 is divided by 120782?
364
What is the remainder when 10526234 is divided by 124?
122
Calculate the remainder when 52095719 is divided by 19.
18
What is the remainder when 75875 is divided by 37575?
725
What is the remainder when 5918973 is divided by 591896?
13
What is the remainder when 1158257905 is divided by 6801?
6799
What is the remainder when 59308341 is divided by 8472620?
1
What is the remainder when 448953 is divided by 149591?
180
What is the remainder when 124983 is divided by 183?
177
Calculate the remainder when 1202048 is divided by 1486.
1360
What is the remainder when 29465215 is divided by 48?
31
What is the remainder when 1604130 is divided by 769?
765
Calculate the remainder when 19555145 is divided by 1299.
1298
What is the remainder when 40847 is divided by 62?
51
Calculate the remainder when 221849 is divided by 6338.
19
What is the remainder when 507664 is divided by 56404?
28
Calculate the remainder when 2224628 is divided by 21595.
343
What is the remainder when 24378914 is divided by 181?
24
Calculate the remainder when 137107 is divided by 1892.
883
Calculate the remainder when 514180 is divided by 7345.
30
What is the remainder when 1308072 is divided by 11?
7
What is the remainder when 340555518 is divided by 8?
6
What is the remainder when 6823778 is divided by 232?
194
Calculate the remainder when 15416 is divided by 3082.
6
What is the remainder when 95141 is divided by 8639?
112
What is the remainder when 5222761 is divided by 147?
145
Calculate the remainder when 182206 is divided by 26021.
59
Calculate the remainder when 51325056 is divided by 217.
216
What is the remainder when 396019 is divided by 21978?
415
What is the remainder when 2464936 is divided by 352130?
26
What is the remainder when 44626 is divided by 7305?
796
What is the remainder when 2342199 is divided by 16?
7
What is the remainder when 1140146 is divided by 1153?
982
What is the remainder when 394294 is divided by 21903?
40
Calculate the remainder when 405443 is divided by 170.
163
Calculate the remainder when 67780969 is divided by 34.
31
Calculate the remainder when 15758 is divided by 4849.
1211
What is the remainder when 45981 is divided by 1703?
0
Calculate the remainder when 331655460 is divided by 466.
464
What is the remainder when 43764150 is divided by 1038?
1032
What is the remainder when 1957641 is divided by 467?
444
Calculate the remainder when 2747553 is divided by 686886.
9
Calculate the remainder when 941567 is divided by 1081.
16
What is the remainder when 28804 is divided by 14395?
14
What is the remainder when 84461252 is divided by 282?
278
Calculate the remainder when 174850 is divided by 3885.
25
Calculate the remainder when 1771099 is divided by 141.
139
Calculate the remainder when 478279 is divided by 13028.
9271
What is the remainder when 195739290 is divided by 519?
516
Calculate the remainder when 87775 is divided by 259.
233
What is the remainder when 98521 is divided by 49088?
345
Calculate the remainder when 189767 is divided by 6321.
137
What is the remainder when 15603787 is divided by 1315?
1312
What is the remainder when 15480072 is divided by 2498?
2464
Calculate the remainder when 63038 is divided by 287.
185
What is the remainder when 189835 is divided by 7854?
1339
Calculate the remainder when 191148 is divided by 5161.
191
What is the remainder when 219556283 is divided by 691?
16
What is the remainder when 791659 is divided by 211?
198
What is the remainder when 1208647 is divided by 141?
136
Calculate the remainder when 35225590 is divided by 5870929.
16
Calculate the remainder when 338657 is divided by 762.
329
What is the remainder when 926969 is divided by 6962?
1023
What is the remainder when 79172 is divided by 39559?
54
What is the remainder when 118419 is divided by 59029?
361
Calculate the remainder when 14983810 is divided by 602.
30
Calculate the remainder when 2048071 is divided by 512016.
7
Calculate the remainder when 246116 is divided by 94.
24
Calculate the remainder when 5589173 is divided by 10566.
10325
Calculate the remainder when 2231380 is divided by 3782.
0
Calculate the remainder when 933534 is divided by 666.
468
Calculate the remainder when 707576 is divided by 141490.
126
What is the remainder when 1237085 is divided by 3575?
135
What is the remainder when 124984 is divided by 11351?
123
Calculate the remainder when 329839 is divided by 304.
303
What is the remainder when 80964322 is divided by 1403?
1401
Calculate the remainder when 149488 is divided by 29897.
3
Calculate the remainder when 2168211 is divided by 787.
26
What is the remainder when 416943 is divided by 126?
9
What is the remainder when 1615962 is divided by 27?
12
Calculate the remainder when 54731659 is divided by 74.
1
What is the remainder when 1395861 is divided by 127?
4
What is the remainder when 69025 is divided by 1103?
639
Calculate the remainder when 378541 is divided by 404.
397
What is the remainder when 105885 is divided by 16963?
4107
Calculate the remainder when 529286 is divided by 26464.
6
Calculate the remainder when 75525162 is divided by 393.
387
What is the remainder when 30639659 is divided by 562?
543
What is the remainder when 1013700 is divided by 253395?
120
What is the remainder when 5679396 is divided by 709916?
68
What is the remainder when 23427490 is divided by 195?
190
Calculate the remainder when 81461 is divided by 18849.
6065
What is the remainder when 11478418 is divided by 90?
88
What is the remainder when 218021687 is divided by 3214?
3211
What is the remainder when 277622 is divided by 1978?
702
What is the remainder when 197331338 is divided by 2318?
2316
Calculate the remainder when 10536588 is divided by 82.
80
What is the remainder when 43310 is divided by 1667?
1635
Calculate the remainder when 23935499 is divided by 256.
11
What is the remainder when 3316118 is divided by 1105177?
587
Calculate the remainder when 755497 is divided by 25.
22
Calculate the remainder when 475597 is divided by 3350.
3247
Calculate the remainder when 9665050 is divided by 98.
94
What is the remainder when 46977506 is divided by 663?
641
Calculate the remainder when 28686669 is divided by 2069.
2053
Calculate the remainder when 40110 is divided by 13214.
468
What is the remainder when 691660 is divided by 1132?
8
Calculate the remainder when 390160 is divided by 931.
71
Calculate the remainder when 105588 is divided by 5307.
4755
What is the remainder when 146626474 is divided by 19?
16
What is the remainder when 164126 is divided by 81913?
300
Calculate the remainder when 138966 is divided by 23129.
192
What is the remainder when 27058276 is divided by 505?
376
Calculate the remainder when 13605 is divided by 11683.
1922
What is the remainder when 106895981 is divided by 2615?
11
Calculate the remainder when 15240477 is divided by 70.
7
What is the remainder when 167692442 is divided by 652?
650
What is the remainder when 6248 is divided by 1465?
388
Calculate the remainder when 12884348 is divided by 267.
263
What is the remainder when 685976 is divided by 239?
46
Calculate the remainder when 23307845 is divided by 383.
380
Calculate the remainder when 128472 is divided by 4940.
32
Calculate the remainder when 1810997 is divided by 471.
2
What is the remainder when 12545143 is divided by 14?
9
Calculate the remainder when 67550 is divided by 33632.
286
What is the remainder when 185948 is divided by 291?
290
Calculate the remainder when 65929491 is divided by 257.
253
Calculate the remainder when 219310 is divided by 3323.
3315
Calculate the remainder when 58401695 is divided by 2122.
11
What is the remainder when 124741 is divided by 67?
54
Calculate the remainder when 2328739 is divided by 193.
1
Calculate the remainder when 414681 is divided by 52.
33
What is the remainder when 2306439 is divided by 576607?
11
What is the remainder when 177150 is divided by 939?
618
Calculate the remainder when 6702096 is divided by 11883.
84
Cal